
{"id":405,"date":"2025-05-28T17:39:47","date_gmt":"2025-05-28T20:39:47","guid":{"rendered":"https:\/\/telemedicinaintegrada.com.br\/?page_id=405"},"modified":"2025-05-29T21:39:27","modified_gmt":"2025-05-30T00:39:27","slug":"nipomed","status":"publish","type":"page","link":"https:\/\/telemedicinaintegrada.com.br\/index.php\/nipomed\/","title":{"rendered":"Nipomed"},"content":{"rendered":"\t\t<div data-elementor-type=\"wp-page\" data-elementor-id=\"405\" class=\"elementor elementor-405\">\n\t\t\t\t<div class=\"elementor-element elementor-element-ee1f659 e-flex e-con-boxed e-con e-parent\" data-id=\"ee1f659\" data-element_type=\"container\" data-settings=\"{&quot;background_background&quot;:&quot;classic&quot;}\">\n\t\t\t\t\t<div class=\"e-con-inner\">\n\t\t<div class=\"elementor-element elementor-element-7ad7702 e-flex e-con-boxed e-con e-child\" data-id=\"7ad7702\" data-element_type=\"container\">\n\t\t\t\t\t<div class=\"e-con-inner\">\n\t\t\t\t<div class=\"elementor-element elementor-element-cb16988 elementor-widget elementor-widget-image\" data-id=\"cb16988\" data-element_type=\"widget\" data-widget_type=\"image.default\">\n\t\t\t\t<div class=\"elementor-widget-container\">\n\t\t\t\t\t\t\t\t\t\t\t\t\t\t\t\t<a href=\"https:\/\/telemedicinaintegrada.com.br\">\n\t\t\t\t\t\t\t<img fetchpriority=\"high\" decoding=\"async\" width=\"1024\" height=\"160\" src=\"https:\/\/telemedicinaintegrada.com.br\/wp-content\/uploads\/2025\/05\/Integraconsulta-Horizontal-1024x160.png\" class=\"attachment-large size-large wp-image-407\" alt=\"Assist\u00eancia de Sa\u00fade Teleconsulta Medico online\" srcset=\"https:\/\/telemedicinaintegrada.com.br\/wp-content\/uploads\/2025\/05\/Integraconsulta-Horizontal-1024x160.png 1024w, https:\/\/telemedicinaintegrada.com.br\/wp-content\/uploads\/2025\/05\/Integraconsulta-Horizontal-300x47.png 300w, https:\/\/telemedicinaintegrada.com.br\/wp-content\/uploads\/2025\/05\/Integraconsulta-Horizontal-768x120.png 768w, https:\/\/telemedicinaintegrada.com.br\/wp-content\/uploads\/2025\/05\/Integraconsulta-Horizontal.png 1200w\" sizes=\"(max-width: 1024px) 100vw, 1024px\" \/>\t\t\t\t\t\t\t\t<\/a>\n\t\t\t\t\t\t\t\t\t\t\t\t\t\t\t<\/div>\n\t\t\t\t<\/div>\n\t\t\t\t<div class=\"elementor-element elementor-element-b6c67ab elementor-widget elementor-widget-heading\" data-id=\"b6c67ab\" data-element_type=\"widget\" data-widget_type=\"heading.default\">\n\t\t\t\t<div class=\"elementor-widget-container\">\n\t\t\t\t\t<h2 class=\"elementor-heading-title elementor-size-medium\">Assist\u00eancia de sa\u00fade por credenciamento<\/h2>\t\t\t\t<\/div>\n\t\t\t\t<\/div>\n\t\t\t\t<div class=\"elementor-element elementor-element-14d524e elementor-widget elementor-widget-heading\" data-id=\"14d524e\" data-element_type=\"widget\" data-widget_type=\"heading.default\">\n\t\t\t\t<div class=\"elementor-widget-container\">\n\t\t\t\t\t<h1 class=\"elementor-heading-title elementor-size-xl\">IntegraConsulta e Nipomed<\/h1>\t\t\t\t<\/div>\n\t\t\t\t<\/div>\n\t\t\t\t<div class=\"elementor-element elementor-element-d0c8289 elementor-widget elementor-widget-text-editor\" data-id=\"d0c8289\" data-element_type=\"widget\" data-widget_type=\"text-editor.default\">\n\t\t\t\t<div class=\"elementor-widget-container\">\n\t\t\t\t\t\t\t\t\t<p>Assinando Integraconsulta voc\u00ea tem acesso a rede credenciada Nipomed,\u00a0 podendo ter atendimento presencial e exames laboratoriais e cl\u00ednicos com economia.<\/p><h5><strong>Apenas em regi\u00f5es credenciadas!<\/strong><\/h5><p>Verifique aqui se a sua regi\u00e3o possui cobertura Nipomed.<\/p>\t\t\t\t\t\t\t\t<\/div>\n\t\t\t\t<\/div>\n\t\t\t\t<div class=\"elementor-element elementor-element-2d80a39 elementor-align-left elementor-widget elementor-widget-button\" data-id=\"2d80a39\" data-element_type=\"widget\" data-widget_type=\"button.default\">\n\t\t\t\t<div class=\"elementor-widget-container\">\n\t\t\t\t\t\t\t\t\t<div class=\"elementor-button-wrapper\">\n\t\t\t\t\t<a class=\"elementor-button elementor-button-link elementor-size-sm\" href=\"https:\/\/nipomedconsulta.app\/login\">\n\t\t\t\t\t\t<span class=\"elementor-button-content-wrapper\">\n\t\t\t\t\t\t\t\t\t<span class=\"elementor-button-text\">Clique se j\u00e1 ativou Nipomed<\/span>\n\t\t\t\t\t<\/span>\n\t\t\t\t\t<\/a>\n\t\t\t\t<\/div>\n\t\t\t\t\t\t\t\t<\/div>\n\t\t\t\t<\/div>\n\t\t\t\t\t<\/div>\n\t\t\t\t<\/div>\n\t\t<div class=\"elementor-element elementor-element-6a4d783 e-con-full e-flex e-con e-child\" data-id=\"6a4d783\" data-element_type=\"container\">\n\t\t\t\t<div class=\"elementor-element elementor-element-efb4437 elementor-widget elementor-widget-image\" data-id=\"efb4437\" data-element_type=\"widget\" data-widget_type=\"image.default\">\n\t\t\t\t<div class=\"elementor-widget-container\">\n\t\t\t\t\t\t\t\t\t\t\t\t\t\t\t<img decoding=\"async\" width=\"300\" height=\"300\" src=\"https:\/\/telemedicinaintegrada.com.br\/wp-content\/uploads\/2025\/05\/familia-2b-300x300.png\" class=\"attachment-medium size-medium wp-image-414\" alt=\"\" srcset=\"https:\/\/telemedicinaintegrada.com.br\/wp-content\/uploads\/2025\/05\/familia-2b-300x300.png 300w, https:\/\/telemedicinaintegrada.com.br\/wp-content\/uploads\/2025\/05\/familia-2b-150x150.png 150w, https:\/\/telemedicinaintegrada.com.br\/wp-content\/uploads\/2025\/05\/familia-2b-768x768.png 768w, https:\/\/telemedicinaintegrada.com.br\/wp-content\/uploads\/2025\/05\/familia-2b.png 1000w\" sizes=\"(max-width: 300px) 100vw, 300px\" \/>\t\t\t\t\t\t\t\t\t\t\t\t\t\t\t<\/div>\n\t\t\t\t<\/div>\n\t\t\t\t<\/div>\n\t\t\t\t\t<\/div>\n\t\t\t\t<\/div>\n\t\t<div class=\"elementor-element elementor-element-bce2d5a e-flex e-con-boxed e-con e-parent\" data-id=\"bce2d5a\" data-element_type=\"container\" data-settings=\"{&quot;background_background&quot;:&quot;classic&quot;}\">\n\t\t\t\t\t<div class=\"e-con-inner\">\n\t\t<div class=\"elementor-element elementor-element-e1c56de e-flex e-con-boxed e-con e-child\" data-id=\"e1c56de\" data-element_type=\"container\">\n\t\t\t\t\t<div class=\"e-con-inner\">\n\t\t\t\t<div class=\"elementor-element elementor-element-39984d5 elementor-widget elementor-widget-html\" data-id=\"39984d5\" data-element_type=\"widget\" data-widget_type=\"html.default\">\n\t\t\t\t<div class=\"elementor-widget-container\">\n\t\t\t\t\t<iframe src=\"https:\/\/redecredenciada.hpgs.com.br\/\" width=\"100%\" height=\"800px\" frameborder=\"0\" scrolling=\"auto\"><\/iframe>\r\n\t\t\t\t<\/div>\n\t\t\t\t<\/div>\n\t\t\t\t\t<\/div>\n\t\t\t\t<\/div>\n\t\t\t\t\t<\/div>\n\t\t\t\t<\/div>\n\t\t<div class=\"elementor-element elementor-element-2bcf614 e-flex e-con-boxed e-con e-parent\" data-id=\"2bcf614\" data-element_type=\"container\">\n\t\t\t\t\t<div class=\"e-con-inner\">\n\t\t\t\t<div class=\"elementor-element elementor-element-748c9f8 elementor-widget elementor-widget-heading\" data-id=\"748c9f8\" data-element_type=\"widget\" data-widget_type=\"heading.default\">\n\t\t\t\t<div class=\"elementor-widget-container\">\n\t\t\t\t\t<h2 class=\"elementor-heading-title elementor-size-medium\">Voc\u00ea est\u00e1 dentro de uma regi\u00e3o credenciada?<\/h2>\t\t\t\t<\/div>\n\t\t\t\t<\/div>\n\t\t\t\t<div class=\"elementor-element elementor-element-d2c8131 elementor-widget elementor-widget-heading\" data-id=\"d2c8131\" data-element_type=\"widget\" data-widget_type=\"heading.default\">\n\t\t\t\t<div class=\"elementor-widget-container\">\n\t\t\t\t\t<h2 class=\"elementor-heading-title elementor-size-default\">solicite a sua ativa\u00e7\u00e3o<\/h2>\t\t\t\t<\/div>\n\t\t\t\t<\/div>\n\t\t\t\t<div class=\"elementor-element elementor-element-e92ef35 elementor-align-center elementor-widget elementor-widget-button\" data-id=\"e92ef35\" data-element_type=\"widget\" data-widget_type=\"button.default\">\n\t\t\t\t<div class=\"elementor-widget-container\">\n\t\t\t\t\t\t\t\t\t<div class=\"elementor-button-wrapper\">\n\t\t\t\t\t<a class=\"elementor-button elementor-button-link elementor-size-sm\" href=\"https:\/\/telemedicinaintegrada.com.br\/ativar-nipomed\">\n\t\t\t\t\t\t<span class=\"elementor-button-content-wrapper\">\n\t\t\t\t\t\t\t\t\t<span class=\"elementor-button-text\">Clique aqui<\/span>\n\t\t\t\t\t<\/span>\n\t\t\t\t\t<\/a>\n\t\t\t\t<\/div>\n\t\t\t\t\t\t\t\t<\/div>\n\t\t\t\t<\/div>\n\t\t\t\t<div class=\"elementor-element elementor-element-a20bf1f elementor-widget elementor-widget-spacer\" data-id=\"a20bf1f\" data-element_type=\"widget\" data-widget_type=\"spacer.default\">\n\t\t\t\t<div class=\"elementor-widget-container\">\n\t\t\t\t\t\t\t<div class=\"elementor-spacer\">\n\t\t\t<div class=\"elementor-spacer-inner\"><\/div>\n\t\t<\/div>\n\t\t\t\t\t\t<\/div>\n\t\t\t\t<\/div>\n\t\t\t\t<div class=\"elementor-element elementor-element-403e3b7 elementor-widget-divider--view-line elementor-widget elementor-widget-divider\" data-id=\"403e3b7\" data-element_type=\"widget\" data-widget_type=\"divider.default\">\n\t\t\t\t<div class=\"elementor-widget-container\">\n\t\t\t\t\t\t\t<div class=\"elementor-divider\">\n\t\t\t<span class=\"elementor-divider-separator\">\n\t\t\t\t\t\t<\/span>\n\t\t<\/div>\n\t\t\t\t\t\t<\/div>\n\t\t\t\t<\/div>\n\t\t\t\t\t<\/div>\n\t\t\t\t<\/div>\n\t\t<div class=\"elementor-element elementor-element-c8bf017 e-flex e-con-boxed e-con e-parent\" data-id=\"c8bf017\" data-element_type=\"container\" data-settings=\"{&quot;background_background&quot;:&quot;classic&quot;,&quot;background_motion_fx_motion_fx_mouse&quot;:&quot;yes&quot;,&quot;background_motion_fx_mouseTrack_effect&quot;:&quot;yes&quot;,&quot;background_motion_fx_mouseTrack_speed&quot;:{&quot;unit&quot;:&quot;px&quot;,&quot;size&quot;:1.5,&quot;sizes&quot;:[]}}\">\n\t\t\t\t\t<div class=\"e-con-inner\">\n\t\t<div class=\"elementor-element elementor-element-cc56c10 e-con-full e-flex e-con e-child\" data-id=\"cc56c10\" data-element_type=\"container\">\n\t\t\t\t<div class=\"elementor-element elementor-element-82907b0 elementor-shape-circle elementor-grid-0 e-grid-align-center elementor-widget elementor-widget-social-icons\" data-id=\"82907b0\" data-element_type=\"widget\" data-widget_type=\"social-icons.default\">\n\t\t\t\t<div class=\"elementor-widget-container\">\n\t\t\t\t\t\t\t<div class=\"elementor-social-icons-wrapper elementor-grid\" role=\"list\">\n\t\t\t\t\t\t\t<span class=\"elementor-grid-item\" role=\"listitem\">\n\t\t\t\t\t<a class=\"elementor-icon elementor-social-icon elementor-social-icon-facebook elementor-repeater-item-1b84634\" href=\"https:\/\/www.facebook.com\/telemedicinaintegrada\" target=\"_blank\">\n\t\t\t\t\t\t<span class=\"elementor-screen-only\">Facebook<\/span>\n\t\t\t\t\t\t<i aria-hidden=\"true\" class=\"fab fa-facebook\"><\/i>\t\t\t\t\t<\/a>\n\t\t\t\t<\/span>\n\t\t\t\t\t\t\t<span class=\"elementor-grid-item\" role=\"listitem\">\n\t\t\t\t\t<a class=\"elementor-icon elementor-social-icon elementor-social-icon-youtube elementor-repeater-item-0a45fd4\" href=\"https:\/\/www.youtube.com\/@telemedicinaintegrada7844\" target=\"_blank\">\n\t\t\t\t\t\t<span class=\"elementor-screen-only\">Youtube<\/span>\n\t\t\t\t\t\t<i aria-hidden=\"true\" class=\"fab fa-youtube\"><\/i>\t\t\t\t\t<\/a>\n\t\t\t\t<\/span>\n\t\t\t\t\t\t\t<span class=\"elementor-grid-item\" role=\"listitem\">\n\t\t\t\t\t<a class=\"elementor-icon elementor-social-icon elementor-social-icon-linkedin elementor-repeater-item-310dea4\" href=\"https:\/\/www.linkedin.com\/company\/telemedicina-integrada\/\" target=\"_blank\">\n\t\t\t\t\t\t<span class=\"elementor-screen-only\">Linkedin<\/span>\n\t\t\t\t\t\t<i aria-hidden=\"true\" class=\"fab fa-linkedin\"><\/i>\t\t\t\t\t<\/a>\n\t\t\t\t<\/span>\n\t\t\t\t\t\t\t<span class=\"elementor-grid-item\" role=\"listitem\">\n\t\t\t\t\t<a class=\"elementor-icon elementor-social-icon elementor-social-icon-instagram elementor-repeater-item-5ffd16a\" href=\"https:\/\/www.instagram.com\/telemedicinaintegrada\/\" target=\"_blank\">\n\t\t\t\t\t\t<span class=\"elementor-screen-only\">Instagram<\/span>\n\t\t\t\t\t\t<i aria-hidden=\"true\" class=\"fab fa-instagram\"><\/i>\t\t\t\t\t<\/a>\n\t\t\t\t<\/span>\n\t\t\t\t\t<\/div>\n\t\t\t\t\t\t<\/div>\n\t\t\t\t<\/div>\n\t\t\t\t<\/div>\n\t\t<div class=\"elementor-element elementor-element-ab9fdd5 e-con-full e-flex e-con e-child\" data-id=\"ab9fdd5\" data-element_type=\"container\">\n\t\t\t\t<div class=\"elementor-element elementor-element-23ed9c6 elementor-widget elementor-widget-text-editor\" data-id=\"23ed9c6\" data-element_type=\"widget\" data-widget_type=\"text-editor.default\">\n\t\t\t\t<div class=\"elementor-widget-container\">\n\t\t\t\t\t\t\t\t\t<p>Fa\u00e7a a sua institui\u00e7\u00e3o m\u00e9dica crescer aplicando tecnologia no sistema de diagn\u00f3stico. Conte com a Telemedicina Integrada para solu\u00e7\u00f5es pr\u00e1ticas em neg\u00f3cios de sa\u00fade!<\/p>\t\t\t\t\t\t\t\t<\/div>\n\t\t\t\t<\/div>\n\t\t\t\t<\/div>\n\t\t<div class=\"elementor-element elementor-element-d9f2d77 e-con-full e-flex e-con e-child\" data-id=\"d9f2d77\" data-element_type=\"container\">\n\t\t\t\t<div class=\"elementor-element elementor-element-abcdd69 elementor-widget elementor-widget-text-editor\" data-id=\"abcdd69\" data-element_type=\"widget\" data-widget_type=\"text-editor.default\">\n\t\t\t\t<div class=\"elementor-widget-container\">\n\t\t\t\t\t\t\t\t\t<p>Todos os direitos reservados \u00a9Telemedicina Integrada.\u00a0 \u00a0|\u00a0 \u00a0Dev &#8211; <span style=\"color: #999999;\"><a style=\"color: #999999;\" href=\"https:\/\/voeagencia.com.br\">Voe Ag\u00eancia<\/a><\/span><\/p>\t\t\t\t\t\t\t\t<\/div>\n\t\t\t\t<\/div>\n\t\t\t\t<\/div>\n\t\t\t\t\t<\/div>\n\t\t\t\t<\/div>\n\t\t\t\t<\/div>\n\t\t","protected":false},"excerpt":{"rendered":"<p>Assist\u00eancia de sa\u00fade por credenciamento IntegraConsulta e Nipomed Assinando Integraconsulta voc\u00ea tem acesso a rede credenciada Nipomed,\u00a0 podendo ter atendimento presencial e exames laboratoriais e cl\u00ednicos com economia. Apenas em regi\u00f5es credenciadas! Verifique aqui se a sua regi\u00e3o possui cobertura Nipomed. Clique se j\u00e1 ativou Nipomed Voc\u00ea est\u00e1 dentro de uma regi\u00e3o credenciada? solicite a [&hellip;]<\/p>\n","protected":false},"author":1,"featured_media":0,"parent":0,"menu_order":0,"comment_status":"closed","ping_status":"closed","template":"elementor_canvas","meta":{"footnotes":""},"class_list":["post-405","page","type-page","status-publish","hentry"],"_links":{"self":[{"href":"https:\/\/telemedicinaintegrada.com.br\/index.php\/wp-json\/wp\/v2\/pages\/405","targetHints":{"allow":["GET"]}}],"collection":[{"href":"https:\/\/telemedicinaintegrada.com.br\/index.php\/wp-json\/wp\/v2\/pages"}],"about":[{"href":"https:\/\/telemedicinaintegrada.com.br\/index.php\/wp-json\/wp\/v2\/types\/page"}],"author":[{"embeddable":true,"href":"https:\/\/telemedicinaintegrada.com.br\/index.php\/wp-json\/wp\/v2\/users\/1"}],"replies":[{"embeddable":true,"href":"https:\/\/telemedicinaintegrada.com.br\/index.php\/wp-json\/wp\/v2\/comments?post=405"}],"version-history":[{"count":19,"href":"https:\/\/telemedicinaintegrada.com.br\/index.php\/wp-json\/wp\/v2\/pages\/405\/revisions"}],"predecessor-version":[{"id":466,"href":"https:\/\/telemedicinaintegrada.com.br\/index.php\/wp-json\/wp\/v2\/pages\/405\/revisions\/466"}],"wp:attachment":[{"href":"https:\/\/telemedicinaintegrada.com.br\/index.php\/wp-json\/wp\/v2\/media?parent=405"}],"curies":[{"name":"wp","href":"https:\/\/api.w.org\/{rel}","templated":true}]}}